{"id":129780,"date":"2023-06-15T10:54:14","date_gmt":"2023-06-15T08:54:14","guid":{"rendered":"http:\/\/e3mag.com\/?post_type=tribe_events&#038;p=129780"},"modified":"2023-07-21T11:02:36","modified_gmt":"2023-07-21T09:02:36","slug":"big-data-ai-summit","status":"publish","type":"tribe_events","link":"https:\/\/e3mag.com\/fr\/event\/big-data-ai-summit\/","title":{"rendered":"Sommet Big-Data.AI"},"content":{"rendered":"<p class=\"xmsoplaintext\"><i>Le Big-Data.AI Summit est de retour ! Comment les r\u00e8gles relatives \u00e0 l'IA et aux donn\u00e9es doivent-elles \u00eatre con\u00e7ues en Europe ? Quelles technologies peuvent \u00eatre utilis\u00e9es pour le d\u00e9veloppement de mod\u00e8les commerciaux ? Et que faut-il savoir sur le cadre social et juridique ? <\/i><\/p>\n<p class=\"xmsoplaintext\"><i>Des experts de l'industrie, de la politique et de la recherche en parleront les 20 et 21 septembre lors de la premi\u00e8re conf\u00e9rence europ\u00e9enne sur l'utilisation de l'IA et du Big Data dans l'\u00e9conomie.<\/i><\/p>\n<p><a href=\"https:\/\/www.big-data.ai\/?mtm_campaign=medienpartner_e-3_magazin\" target=\"_blank\" rel=\"noopener\">#BAS23<\/a><\/p>\n<p>Plus d'informations et de billets sur <a href=\"https:\/\/www.big-data.ai\/\" rel=\"nofollow noopener\" target=\"_blank\">https:\/\/www.big-data.ai\/<\/a><\/p>","protected":false},"excerpt":{"rendered":"<p>Der Big-Data.AI Summit ist zur\u00fcck! Wie m\u00fcssen die Regeln f\u00fcr KI und Daten in Europa gestaltet werden? Welche Technologien k\u00f6nnen f\u00fcr die Entwicklung von Gesch\u00e4ftsmodellen genutzt werden? Und was gilt es \u00fcber die gesellschaftlichen und rechtlichen Rahmenbedingungen zu wissen? Dar\u00fcber sprechen Expertinnen und Experten aus Industrie, Politik und Forschung am 20. und 21. September auf [&hellip;]<\/p>\n","protected":false},"author":2368,"featured_media":129784,"template":"","meta":{"_acf_changed":false,"pmpro_default_level":"","_tribe_events_status":"","_tribe_events_status_reason":"","footnotes":""},"tags":[210,35],"tribe_events_cat":[42124],"coauthors":[39720],"class_list":["post-129780","tribe_events","type-tribe_events","status-publish","has-post-thumbnail","hentry","tag-big-data","tag-bitkom","tribe_events_cat-event","pmpro-has-access","cat_event"],"acf":[],"featured_image_urls_v2":{"full":["https:\/\/e3mag.com\/wp-content\/uploads\/2023\/06\/2023-09_bitkom_titelbild_747x289px.jpg",747,289,false],"thumbnail":["https:\/\/e3mag.com\/wp-content\/uploads\/2023\/06\/2023-09_bitkom_titelbild_747x289px-150x150.jpg",150,150,true],"medium":["https:\/\/e3mag.com\/wp-content\/uploads\/2023\/06\/2023-09_bitkom_titelbild_747x289px-400x155.jpg",400,155,true],"medium_large":["https:\/\/e3mag.com\/wp-content\/uploads\/2023\/06\/2023-09_bitkom_titelbild_747x289px.jpg",747,289,false],"large":["https:\/\/e3mag.com\/wp-content\/uploads\/2023\/06\/2023-09_bitkom_titelbild_747x289px.jpg",747,289,false],"image-100":["https:\/\/e3mag.com\/wp-content\/uploads\/2023\/06\/2023-09_bitkom_titelbild_747x289px-100x39.jpg",100,39,true],"image-480":["https:\/\/e3mag.com\/wp-content\/uploads\/2023\/06\/2023-09_bitkom_titelbild_747x289px-480x186.jpg",480,186,true],"image-640":["https:\/\/e3mag.com\/wp-content\/uploads\/2023\/06\/2023-09_bitkom_titelbild_747x289px-640x248.jpg",640,248,true],"image-720":["https:\/\/e3mag.com\/wp-content\/uploads\/2023\/06\/2023-09_bitkom_titelbild_747x289px-720x279.jpg",720,279,true],"image-960":["https:\/\/e3mag.com\/wp-content\/uploads\/2023\/06\/2023-09_bitkom_titelbild_747x289px.jpg",747,289,false],"image-1168":["https:\/\/e3mag.com\/wp-content\/uploads\/2023\/06\/2023-09_bitkom_titelbild_747x289px.jpg",747,289,false],"image-1440":["https:\/\/e3mag.com\/wp-content\/uploads\/2023\/06\/2023-09_bitkom_titelbild_747x289px.jpg",747,289,false],"image-1920":["https:\/\/e3mag.com\/wp-content\/uploads\/2023\/06\/2023-09_bitkom_titelbild_747x289px.jpg",747,289,false],"1536x1536":["https:\/\/e3mag.com\/wp-content\/uploads\/2023\/06\/2023-09_bitkom_titelbild_747x289px.jpg",747,289,false],"2048x2048":["https:\/\/e3mag.com\/wp-content\/uploads\/2023\/06\/2023-09_bitkom_titelbild_747x289px.jpg",747,289,false],"trp-custom-language-flag":["https:\/\/e3mag.com\/wp-content\/uploads\/2023\/06\/2023-09_bitkom_titelbild_747x289px.jpg",18,7,false],"bricks_large_16x9":["https:\/\/e3mag.com\/wp-content\/uploads\/2023\/06\/2023-09_bitkom_titelbild_747x289px.jpg",747,289,false],"bricks_large":["https:\/\/e3mag.com\/wp-content\/uploads\/2023\/06\/2023-09_bitkom_titelbild_747x289px.jpg",747,289,false],"bricks_large_square":["https:\/\/e3mag.com\/wp-content\/uploads\/2023\/06\/2023-09_bitkom_titelbild_747x289px.jpg",747,289,false],"bricks_medium":["https:\/\/e3mag.com\/wp-content\/uploads\/2023\/06\/2023-09_bitkom_titelbild_747x289px-600x232.jpg",600,232,true],"bricks_medium_square":["https:\/\/e3mag.com\/wp-content\/uploads\/2023\/06\/2023-09_bitkom_titelbild_747x289px-600x289.jpg",600,289,true],"profile_24":["https:\/\/e3mag.com\/wp-content\/uploads\/2023\/06\/2023-09_bitkom_titelbild_747x289px-24x24.jpg",24,24,true],"profile_48":["https:\/\/e3mag.com\/wp-content\/uploads\/2023\/06\/2023-09_bitkom_titelbild_747x289px-48x48.jpg",48,48,true],"profile_96":["https:\/\/e3mag.com\/wp-content\/uploads\/2023\/06\/2023-09_bitkom_titelbild_747x289px-96x96.jpg",96,96,true],"profile_150":["https:\/\/e3mag.com\/wp-content\/uploads\/2023\/06\/2023-09_bitkom_titelbild_747x289px-150x150.jpg",150,150,true],"profile_300":["https:\/\/e3mag.com\/wp-content\/uploads\/2023\/06\/2023-09_bitkom_titelbild_747x289px-300x289.jpg",300,289,true]},"post_excerpt_stackable_v2":"<p>Der Big-Data.AI Summit ist zur\u00fcck! Wie m\u00fcssen die Regeln f\u00fcr KI und Daten in Europa gestaltet werden? Welche Technologien k\u00f6nnen f\u00fcr die Entwicklung von Gesch\u00e4ftsmodellen genutzt werden? Und was gilt es \u00fcber die gesellschaftlichen und rechtlichen Rahmenbedingungen zu wissen? Dar\u00fcber sprechen Expertinnen und Experten aus Industrie, Politik und Forschung am 20. und 21. September auf Europas f\u00fchrender Konferenz zum Einsatz von AI und Big Data in der Wirtschaft. #BAS23 Mehr Informationen und Tickets unter https:\/\/www.big-data.ai\/<\/p>\n","category_list_v2":"","author_info_v2":{"name":"E3 Magazine","url":"https:\/\/e3mag.com\/fr\/author\/e3_magazin\/"},"comments_num_v2":"0 commentaire","_links":{"self":[{"href":"https:\/\/e3mag.com\/fr\/wp-json\/wp\/v2\/tribe_events\/129780","targetHints":{"allow":["GET"]}}],"collection":[{"href":"https:\/\/e3mag.com\/fr\/wp-json\/wp\/v2\/tribe_events"}],"about":[{"href":"https:\/\/e3mag.com\/fr\/wp-json\/wp\/v2\/types\/tribe_events"}],"author":[{"embeddable":true,"href":"https:\/\/e3mag.com\/fr\/wp-json\/wp\/v2\/users\/2368"}],"version-history":[{"count":3,"href":"https:\/\/e3mag.com\/fr\/wp-json\/wp\/v2\/tribe_events\/129780\/revisions"}],"predecessor-version":[{"id":130883,"href":"https:\/\/e3mag.com\/fr\/wp-json\/wp\/v2\/tribe_events\/129780\/revisions\/130883"}],"wp:featuredmedia":[{"embeddable":true,"href":"https:\/\/e3mag.com\/fr\/wp-json\/wp\/v2\/media\/129784"}],"wp:attachment":[{"href":"https:\/\/e3mag.com\/fr\/wp-json\/wp\/v2\/media?parent=129780"}],"wp:term":[{"taxonomy":"post_tag","embeddable":true,"href":"https:\/\/e3mag.com\/fr\/wp-json\/wp\/v2\/tags?post=129780"},{"taxonomy":"tribe_events_cat","embeddable":true,"href":"https:\/\/e3mag.com\/fr\/wp-json\/wp\/v2\/tribe_events_cat?post=129780"},{"taxonomy":"author","embeddable":true,"href":"https:\/\/e3mag.com\/fr\/wp-json\/wp\/v2\/coauthors?post=129780"}],"curies":[{"name":"wp","href":"https:\/\/api.w.org\/{rel}","templated":true}]}}

<p class="xmsoplaintext"><i>Le Big-Data.AI Summit est de retour ! Comment les règles relatives à l'IA et aux données doivent-elles être conçues en Europe ? Quelles technologies peuvent être utilisées pour le développement de modèles commerciaux ? Et que faut-il savoir sur le cadre social et juridique ? </i></p>
<p class="xmsoplaintext"><i>Des experts de l'industrie, de la politique et de la recherche en parleront les 20 et 21 septembre lors de la première conférence européenne sur l'utilisation de l'IA et du Big Data dans l'économie.</i></p>
<p><a href="https://www.big-data.ai/?mtm_campaign=medienpartner_e-3_magazin" target="_blank" rel="noopener">#BAS23</a></p>
<p>Plus d'informations et de billets sur <a href="https://www.big-data.ai/" rel="nofollow noopener" target="_blank">https://www.big-data.ai/</a></p>

<p>Der Big-Data.AI Summit ist zurück! Wie müssen die Regeln für KI und Daten in Europa gestaltet werden? Welche Technologien können für die Entwicklung von Geschäftsmodellen genutzt werden? Und was gilt es über die gesellschaftlichen und rechtlichen Rahmenbedingungen zu wissen? Darüber sprechen Expertinnen und Experten aus Industrie, Politik und Forschung am 20. und 21. September auf [&hellip;]</p>

<p>Der Big-Data.AI Summit ist zurück! Wie müssen die Regeln für KI und Daten in Europa gestaltet werden? Welche Technologien können für die Entwicklung von Geschäftsmodellen genutzt werden? Und was gilt es über die gesellschaftlichen und rechtlichen Rahmenbedingungen zu wissen? Darüber sprechen Expertinnen und Experten aus Industrie, Politik und Forschung am 20. und 21. September auf Europas führender Konferenz zum Einsatz von AI und Big Data in der Wirtschaft. #BAS23 Mehr Informationen und Tickets unter https://www.big-data.ai/</p>
