{"id":122144,"date":"2023-03-03T07:43:28","date_gmt":"2023-03-03T06:43:28","guid":{"rendered":"http:\/\/e3mag.com\/?post_type=tribe_events&#038;p=122144"},"modified":"2023-04-11T14:06:20","modified_gmt":"2023-04-11T12:06:20","slug":"cba-aachen-solutions-digitales-pour-la-production-et-la-logistique","status":"publish","type":"tribe_events","link":"https:\/\/e3mag.com\/fr\/event\/cba-aachen-digitale-loesungen-fuer-produktion-und-logistik\/","title":{"rendered":"CBA Aachen 2023 - Congr\u00e8s sur les applications commerciales d'Aix-la-Chapelle : Solutions num\u00e9riques pour la production et la logistique"},"content":{"rendered":"<p>\"Le 21 juin 2023, le FIR de la RWTH Aix-la-Chapelle, le Center Integrated Business Applications et trovarit AG vous invitent \u00e0 un congr\u00e8s professionnel avec un forum d'exposants et un programme attractif la veille. Les participants profiteront de l'examen de l'ensemble des syst\u00e8mes d'application d'entreprise lors de conf\u00e9rences, de discussions, d'ateliers interactifs et de visites guid\u00e9es. Ils recevront des impulsions importantes pour le choix et la mise en \u0153uvre d'applications d'entreprise int\u00e9gr\u00e9es. Les offres de r\u00e9seautage avant et pendant le congr\u00e8s offrent la possibilit\u00e9 d'\u00e9changer avec les participants, les intervenants et les entreprises partenaires sur place. Une journ\u00e9e pratique en amont, le 20 juin 2023, compl\u00e8tera le programme.<\/p>","protected":false},"excerpt":{"rendered":"<p>\u201eDigitale L\u00f6sungen f\u00fcr Produktion und Logistik\u201c, lautet das Motto des CBA Aachen 2023 am 21. Juni 2023. Das FIR an der RWTH Aachen, das Center Integrated Business Applications und die trovarit AG laden ein zur Fachtagung mit begleitendem Ausstellerforum und einem attraktiven Vorabendprogramm. In Fachvortr\u00e4gen, Diskussionen, interaktiven Workshops sowie F\u00fchrungen profitieren die Teilnehmer:innen von der [&hellip;]<\/p>\n","protected":false},"author":2368,"featured_media":122146,"template":"","meta":{"_acf_changed":false,"pmpro_default_level":"","_tribe_events_status":"","_tribe_events_status_reason":"","footnotes":""},"tags":[],"tribe_events_cat":[41690],"coauthors":[39720],"class_list":["post-122144","tribe_events","type-tribe_events","status-publish","has-post-thumbnail","hentry","tribe_events_cat-fachtagung","pmpro-has-access","cat_fachtagung"],"acf":[],"featured_image_urls_v2":{"full":["https:\/\/e3mag.com\/wp-content\/uploads\/2023\/03\/2023-06_CBA_Titelbild_747x289.jpeg",747,289,false],"thumbnail":["https:\/\/e3mag.com\/wp-content\/uploads\/2023\/03\/2023-06_CBA_Titelbild_747x289-150x150.jpeg",150,150,true],"medium":["https:\/\/e3mag.com\/wp-content\/uploads\/2023\/03\/2023-06_CBA_Titelbild_747x289-400x155.jpeg",400,155,true],"medium_large":["https:\/\/e3mag.com\/wp-content\/uploads\/2023\/03\/2023-06_CBA_Titelbild_747x289.jpeg",747,289,false],"large":["https:\/\/e3mag.com\/wp-content\/uploads\/2023\/03\/2023-06_CBA_Titelbild_747x289.jpeg",747,289,false],"image-100":["https:\/\/e3mag.com\/wp-content\/uploads\/2023\/03\/2023-06_CBA_Titelbild_747x289-100x39.jpeg",100,39,true],"image-480":["https:\/\/e3mag.com\/wp-content\/uploads\/2023\/03\/2023-06_CBA_Titelbild_747x289-480x186.jpeg",480,186,true],"image-640":["https:\/\/e3mag.com\/wp-content\/uploads\/2023\/03\/2023-06_CBA_Titelbild_747x289-640x248.jpeg",640,248,true],"image-720":["https:\/\/e3mag.com\/wp-content\/uploads\/2023\/03\/2023-06_CBA_Titelbild_747x289-720x279.jpeg",720,279,true],"image-960":["https:\/\/e3mag.com\/wp-content\/uploads\/2023\/03\/2023-06_CBA_Titelbild_747x289.jpeg",747,289,false],"image-1168":["https:\/\/e3mag.com\/wp-content\/uploads\/2023\/03\/2023-06_CBA_Titelbild_747x289.jpeg",747,289,false],"image-1440":["https:\/\/e3mag.com\/wp-content\/uploads\/2023\/03\/2023-06_CBA_Titelbild_747x289.jpeg",747,289,false],"image-1920":["https:\/\/e3mag.com\/wp-content\/uploads\/2023\/03\/2023-06_CBA_Titelbild_747x289.jpeg",747,289,false],"1536x1536":["https:\/\/e3mag.com\/wp-content\/uploads\/2023\/03\/2023-06_CBA_Titelbild_747x289.jpeg",747,289,false],"2048x2048":["https:\/\/e3mag.com\/wp-content\/uploads\/2023\/03\/2023-06_CBA_Titelbild_747x289.jpeg",747,289,false],"trp-custom-language-flag":["https:\/\/e3mag.com\/wp-content\/uploads\/2023\/03\/2023-06_CBA_Titelbild_747x289.jpeg",18,7,false],"bricks_large_16x9":["https:\/\/e3mag.com\/wp-content\/uploads\/2023\/03\/2023-06_CBA_Titelbild_747x289.jpeg",747,289,false],"bricks_large":["https:\/\/e3mag.com\/wp-content\/uploads\/2023\/03\/2023-06_CBA_Titelbild_747x289.jpeg",747,289,false],"bricks_large_square":["https:\/\/e3mag.com\/wp-content\/uploads\/2023\/03\/2023-06_CBA_Titelbild_747x289.jpeg",747,289,false],"bricks_medium":["https:\/\/e3mag.com\/wp-content\/uploads\/2023\/03\/2023-06_CBA_Titelbild_747x289.jpeg",600,232,false],"bricks_medium_square":["https:\/\/e3mag.com\/wp-content\/uploads\/2023\/03\/2023-06_CBA_Titelbild_747x289.jpeg",600,232,false],"profile_24":["https:\/\/e3mag.com\/wp-content\/uploads\/2023\/03\/2023-06_CBA_Titelbild_747x289-24x24.jpeg",24,24,true],"profile_48":["https:\/\/e3mag.com\/wp-content\/uploads\/2023\/03\/2023-06_CBA_Titelbild_747x289-48x48.jpeg",48,48,true],"profile_96":["https:\/\/e3mag.com\/wp-content\/uploads\/2023\/03\/2023-06_CBA_Titelbild_747x289-96x96.jpeg",96,96,true],"profile_150":["https:\/\/e3mag.com\/wp-content\/uploads\/2023\/03\/2023-06_CBA_Titelbild_747x289-150x150.jpeg",150,150,true],"profile_300":["https:\/\/e3mag.com\/wp-content\/uploads\/2023\/03\/2023-06_CBA_Titelbild_747x289-300x289.jpeg",300,289,true]},"post_excerpt_stackable_v2":"<p>\u201eDigitale L\u00f6sungen f\u00fcr Produktion und Logistik\u201c, lautet das Motto des CBA Aachen 2023 am 21. Juni 2023. Das FIR an der RWTH Aachen, das Center Integrated Business Applications und die trovarit AG laden ein zur Fachtagung mit begleitendem Ausstellerforum und einem attraktiven Vorabendprogramm. In Fachvortr\u00e4gen, Diskussionen, interaktiven Workshops sowie F\u00fchrungen profitieren die Teilnehmer:innen von der Betrachtung des gesamten Felds betrieblicher Anwendungssysteme. Sie erhalten wichtige Impulse f\u00fcr die Auswahl und Implementierung integrierter Business Applications. Networking Angebote vor und w\u00e4hrend der Fachtagung bieten Gelegenheit zum Austausch mit den Teilnehmer:innen, Referent:innen und Partnerunternehmen vor Ort. Ein vorgelagerter Praxistag am 20. Juni 2023 rundet\u2026<\/p>\n","category_list_v2":"","author_info_v2":{"name":"E3 Magazine","url":"https:\/\/e3mag.com\/fr\/author\/e3_magazin\/"},"comments_num_v2":"0 commentaire","_links":{"self":[{"href":"https:\/\/e3mag.com\/fr\/wp-json\/wp\/v2\/tribe_events\/122144","targetHints":{"allow":["GET"]}}],"collection":[{"href":"https:\/\/e3mag.com\/fr\/wp-json\/wp\/v2\/tribe_events"}],"about":[{"href":"https:\/\/e3mag.com\/fr\/wp-json\/wp\/v2\/types\/tribe_events"}],"author":[{"embeddable":true,"href":"https:\/\/e3mag.com\/fr\/wp-json\/wp\/v2\/users\/2368"}],"version-history":[{"count":0,"href":"https:\/\/e3mag.com\/fr\/wp-json\/wp\/v2\/tribe_events\/122144\/revisions"}],"wp:featuredmedia":[{"embeddable":true,"href":"https:\/\/e3mag.com\/fr\/wp-json\/wp\/v2\/media\/122146"}],"wp:attachment":[{"href":"https:\/\/e3mag.com\/fr\/wp-json\/wp\/v2\/media?parent=122144"}],"wp:term":[{"taxonomy":"post_tag","embeddable":true,"href":"https:\/\/e3mag.com\/fr\/wp-json\/wp\/v2\/tags?post=122144"},{"taxonomy":"tribe_events_cat","embeddable":true,"href":"https:\/\/e3mag.com\/fr\/wp-json\/wp\/v2\/tribe_events_cat?post=122144"},{"taxonomy":"author","embeddable":true,"href":"https:\/\/e3mag.com\/fr\/wp-json\/wp\/v2\/coauthors?post=122144"}],"curies":[{"name":"wp","href":"https:\/\/api.w.org\/{rel}","templated":true}]}}

CBA Aachen 2023 - Congrès sur les applications commerciales d'Aix-la-Chapelle : Solutions numériques pour la production et la logistique

<p>"Le 21 juin 2023, le FIR de la RWTH Aix-la-Chapelle, le Center Integrated Business Applications et trovarit AG vous invitent à un congrès professionnel avec un forum d'exposants et un programme attractif la veille. Les participants profiteront de l'examen de l'ensemble des systèmes d'application d'entreprise lors de conférences, de discussions, d'ateliers interactifs et de visites guidées. Ils recevront des impulsions importantes pour le choix et la mise en œuvre d'applications d'entreprise intégrées. Les offres de réseautage avant et pendant le congrès offrent la possibilité d'échanger avec les participants, les intervenants et les entreprises partenaires sur place. Une journée pratique en amont, le 20 juin 2023, complètera le programme.</p>

<p>„Digitale Lösungen für Produktion und Logistik“, lautet das Motto des CBA Aachen 2023 am 21. Juni 2023. Das FIR an der RWTH Aachen, das Center Integrated Business Applications und die trovarit AG laden ein zur Fachtagung mit begleitendem Ausstellerforum und einem attraktiven Vorabendprogramm. In Fachvorträgen, Diskussionen, interaktiven Workshops sowie Führungen profitieren die Teilnehmer:innen von der [&hellip;]</p>

<p>„Digitale Lösungen für Produktion und Logistik“, lautet das Motto des CBA Aachen 2023 am 21. Juni 2023. Das FIR an der RWTH Aachen, das Center Integrated Business Applications und die trovarit AG laden ein zur Fachtagung mit begleitendem Ausstellerforum und einem attraktiven Vorabendprogramm. In Fachvorträgen, Diskussionen, interaktiven Workshops sowie Führungen profitieren die Teilnehmer:innen von der Betrachtung des gesamten Felds betrieblicher Anwendungssysteme. Sie erhalten wichtige Impulse für die Auswahl und Implementierung integrierter Business Applications. Networking Angebote vor und während der Fachtagung bieten Gelegenheit zum Austausch mit den Teilnehmer:innen, Referent:innen und Partnerunternehmen vor Ort. Ein vorgelagerter Praxistag am 20. Juni 2023 rundet…</p>
