{"id":166093,"date":"2026-09-01T14:20:38","date_gmt":"2026-09-01T12:20:38","guid":{"rendered":"https:\/\/e3mag.com\/?post_type=tribe_events&#038;p=166093"},"modified":"2026-09-01T15:43:40","modified_gmt":"2026-09-01T13:43:40","slug":"it-sa-expocongress-2026-la-mayor-feria-especializada-de-europa-dedicada-a-la-seguridad-informatica","status":"publish","type":"tribe_events","link":"https:\/\/e3mag.com\/es\/event\/it-sa-expocongress-2026-europas-groesste-fachmesse-fuer-it-sicherheit\/","title":{"rendered":"it-sa Expo&amp;Congress 2026: la mayor feria especializada de Europa en seguridad inform\u00e1tica"},"content":{"rendered":"<p>\u00a1La it-sa Expo&amp;Congress es el mayor evento de seguridad inform\u00e1tica de Europa! Esta feria especializada, acompa\u00f1ada de un congreso, reunir\u00e1 del 27 al 29 de octubre de 2026 a proveedores de seguridad inform\u00e1tica, responsables y responsables de la toma de decisiones en materia de seguridad inform\u00e1tica en N\u00faremberg, presenta las tendencias e innovaciones del sector procedentes de todo el mundo y ofrece la oportunidad de compartir conocimientos y establecer contactos.<\/p>\n<p>La oferta presencial se complementa con la plataforma digital it-sa 365, que permite continuar con el intercambio profesional y el networking en l\u00ednea durante todo el a\u00f1o. La it-sa ofrece a los responsables de seguridad inform\u00e1tica un espacio para el intercambio, la orientaci\u00f3n y la transferencia de conocimientos en torno a la seguridad inform\u00e1tica y, como \u201eHome of IT Security\u201c, a\u00fana feria especializada, congreso y ofertas digitales.<\/p>\n<p>&nbsp;<\/p>\n<h5><strong>Billete de un d\u00eda:<\/strong> 72 \u20ac por persona<\/h5>\n<h5><strong>Billete de temporada:<\/strong> 120 \u20ac por persona<\/h5>","protected":false},"excerpt":{"rendered":"<p>Die it-sa Expo&amp;Congress ist Europas gr\u00f6\u00dftes IT-Security-Event! Die Fachmesse mit begleitendem Kongress bringt vom 27. &#8211; 29. Oktober 2026 IT-Sicherheitsanbieter, -Verantwortliche und -Entscheider in N\u00fcrnberg zusammen, pr\u00e4sentiert Branchentrends &amp; -innovationen aus der ganzen Welt und bietet M\u00f6glichkeit zum Wissenstransfer und Networking. Erg\u00e4nzt wird das Pr\u00e4senzangebot durch die Digitalplattform it-sa 365, die den fachlichen Austausch und [&hellip;]<\/p>\n","protected":false},"author":5823,"featured_media":166096,"template":"","meta":{"_acf_changed":false,"pmpro_default_level":"","_tribe_events_status":"","_tribe_events_status_reason":"","footnotes":""},"tags":[],"tribe_events_cat":[41692],"coauthors":[44452],"class_list":["post-166093","tribe_events","type-tribe_events","status-publish","has-post-thumbnail","hentry","tribe_events_cat-kongress","pmpro-has-access","cat_kongress"],"acf":[],"featured_image_urls_v2":{"full":["https:\/\/e3mag.com\/wp-content\/uploads\/2026\/09\/ITSA-26_Social-Media-Banner_1200x627px_DE.jpg",1200,627,false],"thumbnail":["https:\/\/e3mag.com\/wp-content\/uploads\/2026\/09\/ITSA-26_Social-Media-Banner_1200x627px_DE-150x150.jpg",150,150,true],"medium":["https:\/\/e3mag.com\/wp-content\/uploads\/2026\/09\/ITSA-26_Social-Media-Banner_1200x627px_DE-400x209.jpg",400,209,true],"medium_large":["https:\/\/e3mag.com\/wp-content\/uploads\/2026\/09\/ITSA-26_Social-Media-Banner_1200x627px_DE-768x401.jpg",768,401,true],"large":["https:\/\/e3mag.com\/wp-content\/uploads\/2026\/09\/ITSA-26_Social-Media-Banner_1200x627px_DE.jpg",1200,627,false],"image-100":["https:\/\/e3mag.com\/wp-content\/uploads\/2026\/09\/ITSA-26_Social-Media-Banner_1200x627px_DE-100x52.jpg",100,52,true],"image-480":["https:\/\/e3mag.com\/wp-content\/uploads\/2026\/09\/ITSA-26_Social-Media-Banner_1200x627px_DE-480x251.jpg",480,251,true],"image-640":["https:\/\/e3mag.com\/wp-content\/uploads\/2026\/09\/ITSA-26_Social-Media-Banner_1200x627px_DE-640x334.jpg",640,334,true],"image-720":["https:\/\/e3mag.com\/wp-content\/uploads\/2026\/09\/ITSA-26_Social-Media-Banner_1200x627px_DE-720x376.jpg",720,376,true],"image-960":["https:\/\/e3mag.com\/wp-content\/uploads\/2026\/09\/ITSA-26_Social-Media-Banner_1200x627px_DE-960x502.jpg",960,502,true],"image-1168":["https:\/\/e3mag.com\/wp-content\/uploads\/2026\/09\/ITSA-26_Social-Media-Banner_1200x627px_DE-1168x610.jpg",1168,610,true],"image-1440":["https:\/\/e3mag.com\/wp-content\/uploads\/2026\/09\/ITSA-26_Social-Media-Banner_1200x627px_DE.jpg",1200,627,false],"image-1920":["https:\/\/e3mag.com\/wp-content\/uploads\/2026\/09\/ITSA-26_Social-Media-Banner_1200x627px_DE.jpg",1200,627,false],"1536x1536":["https:\/\/e3mag.com\/wp-content\/uploads\/2026\/09\/ITSA-26_Social-Media-Banner_1200x627px_DE.jpg",1200,627,false],"2048x2048":["https:\/\/e3mag.com\/wp-content\/uploads\/2026\/09\/ITSA-26_Social-Media-Banner_1200x627px_DE.jpg",1200,627,false],"trp-custom-language-flag":["https:\/\/e3mag.com\/wp-content\/uploads\/2026\/09\/ITSA-26_Social-Media-Banner_1200x627px_DE-18x9.jpg",18,9,true],"bricks_large_16x9":["https:\/\/e3mag.com\/wp-content\/uploads\/2026\/09\/ITSA-26_Social-Media-Banner_1200x627px_DE.jpg",1200,627,false],"bricks_large":["https:\/\/e3mag.com\/wp-content\/uploads\/2026\/09\/ITSA-26_Social-Media-Banner_1200x627px_DE.jpg",1200,627,false],"bricks_large_square":["https:\/\/e3mag.com\/wp-content\/uploads\/2026\/09\/ITSA-26_Social-Media-Banner_1200x627px_DE.jpg",1200,627,false],"bricks_medium":["https:\/\/e3mag.com\/wp-content\/uploads\/2026\/09\/ITSA-26_Social-Media-Banner_1200x627px_DE-600x314.jpg",600,314,true],"bricks_medium_square":["https:\/\/e3mag.com\/wp-content\/uploads\/2026\/09\/ITSA-26_Social-Media-Banner_1200x627px_DE-600x600.jpg",600,600,true],"profile_24":["https:\/\/e3mag.com\/wp-content\/uploads\/2026\/09\/ITSA-26_Social-Media-Banner_1200x627px_DE-24x24.jpg",24,24,true],"profile_48":["https:\/\/e3mag.com\/wp-content\/uploads\/2026\/09\/ITSA-26_Social-Media-Banner_1200x627px_DE-48x48.jpg",48,48,true],"profile_96":["https:\/\/e3mag.com\/wp-content\/uploads\/2026\/09\/ITSA-26_Social-Media-Banner_1200x627px_DE-96x96.jpg",96,96,true],"profile_150":["https:\/\/e3mag.com\/wp-content\/uploads\/2026\/09\/ITSA-26_Social-Media-Banner_1200x627px_DE-150x150.jpg",150,150,true],"profile_300":["https:\/\/e3mag.com\/wp-content\/uploads\/2026\/09\/ITSA-26_Social-Media-Banner_1200x627px_DE-300x300.jpg",300,300,true]},"post_excerpt_stackable_v2":"<p>Die it-sa Expo&amp;Congress ist Europas gr\u00f6\u00dftes IT-Security-Event! Die Fachmesse mit begleitendem Kongress bringt vom 27. &#8211; 29. Oktober 2026 IT-Sicherheitsanbieter, -Verantwortliche und -Entscheider in N\u00fcrnberg zusammen, pr\u00e4sentiert Branchentrends &amp; -innovationen aus der ganzen Welt und bietet M\u00f6glichkeit zum Wissenstransfer und Networking. Erg\u00e4nzt wird das Pr\u00e4senzangebot durch die Digitalplattform it-sa 365, die den fachlichen Austausch und das Networking ganzj\u00e4hrig online fortf\u00fchrt. Die it-sa bietet IT-Sicherheitsverantwortlichen Austausch, Orientierung und Wissenstransfer rund um IT-Security und vereint als \u201eHome of IT Security\u201c Fachmesse, Kongress und digitale Angebote. &nbsp;<\/p>\n","category_list_v2":"","author_info_v2":{"name":"Michael Eichhorn","url":"https:\/\/e3mag.com\/es\/author\/michael-eichhorn\/"},"comments_num_v2":"0 comentarios","_links":{"self":[{"href":"https:\/\/e3mag.com\/es\/wp-json\/wp\/v2\/tribe_events\/166093","targetHints":{"allow":["GET"]}}],"collection":[{"href":"https:\/\/e3mag.com\/es\/wp-json\/wp\/v2\/tribe_events"}],"about":[{"href":"https:\/\/e3mag.com\/es\/wp-json\/wp\/v2\/types\/tribe_events"}],"author":[{"embeddable":true,"href":"https:\/\/e3mag.com\/es\/wp-json\/wp\/v2\/users\/5823"}],"version-history":[{"count":2,"href":"https:\/\/e3mag.com\/es\/wp-json\/wp\/v2\/tribe_events\/166093\/revisions"}],"predecessor-version":[{"id":166095,"href":"https:\/\/e3mag.com\/es\/wp-json\/wp\/v2\/tribe_events\/166093\/revisions\/166095"}],"wp:featuredmedia":[{"embeddable":true,"href":"https:\/\/e3mag.com\/es\/wp-json\/wp\/v2\/media\/166096"}],"wp:attachment":[{"href":"https:\/\/e3mag.com\/es\/wp-json\/wp\/v2\/media?parent=166093"}],"wp:term":[{"taxonomy":"post_tag","embeddable":true,"href":"https:\/\/e3mag.com\/es\/wp-json\/wp\/v2\/tags?post=166093"},{"taxonomy":"tribe_events_cat","embeddable":true,"href":"https:\/\/e3mag.com\/es\/wp-json\/wp\/v2\/tribe_events_cat?post=166093"},{"taxonomy":"author","embeddable":true,"href":"https:\/\/e3mag.com\/es\/wp-json\/wp\/v2\/coauthors?post=166093"}],"curies":[{"name":"wp","href":"https:\/\/api.w.org\/{rel}","templated":true}]}}

it-sa Expo&amp;Congress 2026: la mayor feria especializada de Europa en seguridad informática

<p>¡La it-sa Expo&amp;Congress es el mayor evento de seguridad informática de Europa! Esta feria especializada, acompañada de un congreso, reunirá del 27 al 29 de octubre de 2026 a proveedores de seguridad informática, responsables y responsables de la toma de decisiones en materia de seguridad informática en Núremberg, presenta las tendencias e innovaciones del sector procedentes de todo el mundo y ofrece la oportunidad de compartir conocimientos y establecer contactos.</p>
<p>La oferta presencial se complementa con la plataforma digital it-sa 365, que permite continuar con el intercambio profesional y el networking en línea durante todo el año. La it-sa ofrece a los responsables de seguridad informática un espacio para el intercambio, la orientación y la transferencia de conocimientos en torno a la seguridad informática y, como „Home of IT Security“, aúna feria especializada, congreso y ofertas digitales.</p>
<p>&nbsp;</p>
<h5><strong>Billete de un día:</strong> 72 € por persona</h5>
<h5><strong>Billete de temporada:</strong> 120 € por persona</h5>

<p>Die it-sa Expo&amp;Congress ist Europas größtes IT-Security-Event! Die Fachmesse mit begleitendem Kongress bringt vom 27. &#8211; 29. Oktober 2026 IT-Sicherheitsanbieter, -Verantwortliche und -Entscheider in Nürnberg zusammen, präsentiert Branchentrends &amp; -innovationen aus der ganzen Welt und bietet Möglichkeit zum Wissenstransfer und Networking. Ergänzt wird das Präsenzangebot durch die Digitalplattform it-sa 365, die den fachlichen Austausch und [&hellip;]</p>

<p>Die it-sa Expo&amp;Congress ist Europas größtes IT-Security-Event! Die Fachmesse mit begleitendem Kongress bringt vom 27. &#8211; 29. Oktober 2026 IT-Sicherheitsanbieter, -Verantwortliche und -Entscheider in Nürnberg zusammen, präsentiert Branchentrends &amp; -innovationen aus der ganzen Welt und bietet Möglichkeit zum Wissenstransfer und Networking. Ergänzt wird das Präsenzangebot durch die Digitalplattform it-sa 365, die den fachlichen Austausch und das Networking ganzjährig online fortführt. Die it-sa bietet IT-Sicherheitsverantwortlichen Austausch, Orientierung und Wissenstransfer rund um IT-Security und vereint als „Home of IT Security“ Fachmesse, Kongress und digitale Angebote. &nbsp;</p>
