{"id":122144,"date":"2023-03-03T07:43:28","date_gmt":"2023-03-03T06:43:28","guid":{"rendered":"http:\/\/e3mag.com\/?post_type=tribe_events&#038;p=122144"},"modified":"2023-04-11T14:06:20","modified_gmt":"2023-04-11T12:06:20","slug":"cba-aachen-soluciones-digitales-para-produccion-y-logistica","status":"publish","type":"tribe_events","link":"https:\/\/e3mag.com\/es\/event\/cba-aachen-digitale-loesungen-fuer-produktion-und-logistik\/","title":{"rendered":"CBA Aachen 2023 - Congreso de Aplicaciones Empresariales de Aquisgr\u00e1n: Soluciones digitales para la producci\u00f3n y la log\u00edstica"},"content":{"rendered":"<p>\"Soluciones digitales para la producci\u00f3n y la log\u00edstica\" es el lema de la CBA Aachen 2023, que se celebrar\u00e1 el 21 de junio de 2023. La FIR de la Universidad RWTH de Aquisgr\u00e1n, el Center Integrated Business Applications y trovarit AG le invitan a la conferencia especializada con foro de expositores y un atractivo programa nocturno. En conferencias especializadas, debates, talleres interactivos y visitas guiadas, los participantes se beneficiar\u00e1n de una visi\u00f3n general de todo el campo de los sistemas de aplicaciones empresariales. Recibir\u00e1n importantes impulsos para la selecci\u00f3n e implantaci\u00f3n de aplicaciones empresariales integradas. Las oportunidades de establecer contactos antes y durante la conferencia ofrecen la posibilidad de intercambiar ideas con los participantes, los ponentes y las empresas asociadas in situ. El programa se completar\u00e1 con una jornada pr\u00e1ctica el 20 de junio de 2023.<\/p>","protected":false},"excerpt":{"rendered":"<p>\u201eDigitale L\u00f6sungen f\u00fcr Produktion und Logistik\u201c, lautet das Motto des CBA Aachen 2023 am 21. Juni 2023. Das FIR an der RWTH Aachen, das Center Integrated Business Applications und die trovarit AG laden ein zur Fachtagung mit begleitendem Ausstellerforum und einem attraktiven Vorabendprogramm. In Fachvortr\u00e4gen, Diskussionen, interaktiven Workshops sowie F\u00fchrungen profitieren die Teilnehmer:innen von der [&hellip;]<\/p>\n","protected":false},"author":2368,"featured_media":122146,"template":"","meta":{"_acf_changed":false,"pmpro_default_level":"","_tribe_events_status":"","_tribe_events_status_reason":"","footnotes":""},"tags":[],"tribe_events_cat":[41690],"coauthors":[39720],"class_list":["post-122144","tribe_events","type-tribe_events","status-publish","has-post-thumbnail","hentry","tribe_events_cat-fachtagung","pmpro-has-access","cat_fachtagung"],"acf":[],"featured_image_urls_v2":{"full":["https:\/\/e3mag.com\/wp-content\/uploads\/2023\/03\/2023-06_CBA_Titelbild_747x289.jpeg",747,289,false],"thumbnail":["https:\/\/e3mag.com\/wp-content\/uploads\/2023\/03\/2023-06_CBA_Titelbild_747x289-150x150.jpeg",150,150,true],"medium":["https:\/\/e3mag.com\/wp-content\/uploads\/2023\/03\/2023-06_CBA_Titelbild_747x289-400x155.jpeg",400,155,true],"medium_large":["https:\/\/e3mag.com\/wp-content\/uploads\/2023\/03\/2023-06_CBA_Titelbild_747x289.jpeg",747,289,false],"large":["https:\/\/e3mag.com\/wp-content\/uploads\/2023\/03\/2023-06_CBA_Titelbild_747x289.jpeg",747,289,false],"image-100":["https:\/\/e3mag.com\/wp-content\/uploads\/2023\/03\/2023-06_CBA_Titelbild_747x289-100x39.jpeg",100,39,true],"image-480":["https:\/\/e3mag.com\/wp-content\/uploads\/2023\/03\/2023-06_CBA_Titelbild_747x289-480x186.jpeg",480,186,true],"image-640":["https:\/\/e3mag.com\/wp-content\/uploads\/2023\/03\/2023-06_CBA_Titelbild_747x289-640x248.jpeg",640,248,true],"image-720":["https:\/\/e3mag.com\/wp-content\/uploads\/2023\/03\/2023-06_CBA_Titelbild_747x289-720x279.jpeg",720,279,true],"image-960":["https:\/\/e3mag.com\/wp-content\/uploads\/2023\/03\/2023-06_CBA_Titelbild_747x289.jpeg",747,289,false],"image-1168":["https:\/\/e3mag.com\/wp-content\/uploads\/2023\/03\/2023-06_CBA_Titelbild_747x289.jpeg",747,289,false],"image-1440":["https:\/\/e3mag.com\/wp-content\/uploads\/2023\/03\/2023-06_CBA_Titelbild_747x289.jpeg",747,289,false],"image-1920":["https:\/\/e3mag.com\/wp-content\/uploads\/2023\/03\/2023-06_CBA_Titelbild_747x289.jpeg",747,289,false],"1536x1536":["https:\/\/e3mag.com\/wp-content\/uploads\/2023\/03\/2023-06_CBA_Titelbild_747x289.jpeg",747,289,false],"2048x2048":["https:\/\/e3mag.com\/wp-content\/uploads\/2023\/03\/2023-06_CBA_Titelbild_747x289.jpeg",747,289,false],"trp-custom-language-flag":["https:\/\/e3mag.com\/wp-content\/uploads\/2023\/03\/2023-06_CBA_Titelbild_747x289.jpeg",18,7,false],"bricks_large_16x9":["https:\/\/e3mag.com\/wp-content\/uploads\/2023\/03\/2023-06_CBA_Titelbild_747x289.jpeg",747,289,false],"bricks_large":["https:\/\/e3mag.com\/wp-content\/uploads\/2023\/03\/2023-06_CBA_Titelbild_747x289.jpeg",747,289,false],"bricks_large_square":["https:\/\/e3mag.com\/wp-content\/uploads\/2023\/03\/2023-06_CBA_Titelbild_747x289.jpeg",747,289,false],"bricks_medium":["https:\/\/e3mag.com\/wp-content\/uploads\/2023\/03\/2023-06_CBA_Titelbild_747x289.jpeg",600,232,false],"bricks_medium_square":["https:\/\/e3mag.com\/wp-content\/uploads\/2023\/03\/2023-06_CBA_Titelbild_747x289.jpeg",600,232,false],"profile_24":["https:\/\/e3mag.com\/wp-content\/uploads\/2023\/03\/2023-06_CBA_Titelbild_747x289-24x24.jpeg",24,24,true],"profile_48":["https:\/\/e3mag.com\/wp-content\/uploads\/2023\/03\/2023-06_CBA_Titelbild_747x289-48x48.jpeg",48,48,true],"profile_96":["https:\/\/e3mag.com\/wp-content\/uploads\/2023\/03\/2023-06_CBA_Titelbild_747x289-96x96.jpeg",96,96,true],"profile_150":["https:\/\/e3mag.com\/wp-content\/uploads\/2023\/03\/2023-06_CBA_Titelbild_747x289-150x150.jpeg",150,150,true],"profile_300":["https:\/\/e3mag.com\/wp-content\/uploads\/2023\/03\/2023-06_CBA_Titelbild_747x289-300x289.jpeg",300,289,true]},"post_excerpt_stackable_v2":"<p>\u201eDigitale L\u00f6sungen f\u00fcr Produktion und Logistik\u201c, lautet das Motto des CBA Aachen 2023 am 21. Juni 2023. Das FIR an der RWTH Aachen, das Center Integrated Business Applications und die trovarit AG laden ein zur Fachtagung mit begleitendem Ausstellerforum und einem attraktiven Vorabendprogramm. In Fachvortr\u00e4gen, Diskussionen, interaktiven Workshops sowie F\u00fchrungen profitieren die Teilnehmer:innen von der Betrachtung des gesamten Felds betrieblicher Anwendungssysteme. Sie erhalten wichtige Impulse f\u00fcr die Auswahl und Implementierung integrierter Business Applications. Networking Angebote vor und w\u00e4hrend der Fachtagung bieten Gelegenheit zum Austausch mit den Teilnehmer:innen, Referent:innen und Partnerunternehmen vor Ort. Ein vorgelagerter Praxistag am 20. Juni 2023 rundet&hellip;<\/p>\n","category_list_v2":"","author_info_v2":{"name":"E3 Magazine","url":"https:\/\/e3mag.com\/es\/author\/e3_magazin\/"},"comments_num_v2":"0 comentarios","_links":{"self":[{"href":"https:\/\/e3mag.com\/es\/wp-json\/wp\/v2\/tribe_events\/122144","targetHints":{"allow":["GET"]}}],"collection":[{"href":"https:\/\/e3mag.com\/es\/wp-json\/wp\/v2\/tribe_events"}],"about":[{"href":"https:\/\/e3mag.com\/es\/wp-json\/wp\/v2\/types\/tribe_events"}],"author":[{"embeddable":true,"href":"https:\/\/e3mag.com\/es\/wp-json\/wp\/v2\/users\/2368"}],"version-history":[{"count":0,"href":"https:\/\/e3mag.com\/es\/wp-json\/wp\/v2\/tribe_events\/122144\/revisions"}],"wp:featuredmedia":[{"embeddable":true,"href":"https:\/\/e3mag.com\/es\/wp-json\/wp\/v2\/media\/122146"}],"wp:attachment":[{"href":"https:\/\/e3mag.com\/es\/wp-json\/wp\/v2\/media?parent=122144"}],"wp:term":[{"taxonomy":"post_tag","embeddable":true,"href":"https:\/\/e3mag.com\/es\/wp-json\/wp\/v2\/tags?post=122144"},{"taxonomy":"tribe_events_cat","embeddable":true,"href":"https:\/\/e3mag.com\/es\/wp-json\/wp\/v2\/tribe_events_cat?post=122144"},{"taxonomy":"author","embeddable":true,"href":"https:\/\/e3mag.com\/es\/wp-json\/wp\/v2\/coauthors?post=122144"}],"curies":[{"name":"wp","href":"https:\/\/api.w.org\/{rel}","templated":true}]}}

CBA Aachen 2023 - Congreso de Aplicaciones Empresariales de Aquisgrán: Soluciones digitales para la producción y la logística

<p>"Soluciones digitales para la producción y la logística" es el lema de la CBA Aachen 2023, que se celebrará el 21 de junio de 2023. La FIR de la Universidad RWTH de Aquisgrán, el Center Integrated Business Applications y trovarit AG le invitan a la conferencia especializada con foro de expositores y un atractivo programa nocturno. En conferencias especializadas, debates, talleres interactivos y visitas guiadas, los participantes se beneficiarán de una visión general de todo el campo de los sistemas de aplicaciones empresariales. Recibirán importantes impulsos para la selección e implantación de aplicaciones empresariales integradas. Las oportunidades de establecer contactos antes y durante la conferencia ofrecen la posibilidad de intercambiar ideas con los participantes, los ponentes y las empresas asociadas in situ. El programa se completará con una jornada práctica el 20 de junio de 2023.</p>

<p>„Digitale Lösungen für Produktion und Logistik“, lautet das Motto des CBA Aachen 2023 am 21. Juni 2023. Das FIR an der RWTH Aachen, das Center Integrated Business Applications und die trovarit AG laden ein zur Fachtagung mit begleitendem Ausstellerforum und einem attraktiven Vorabendprogramm. In Fachvorträgen, Diskussionen, interaktiven Workshops sowie Führungen profitieren die Teilnehmer:innen von der [&hellip;]</p>

<p>„Digitale Lösungen für Produktion und Logistik“, lautet das Motto des CBA Aachen 2023 am 21. Juni 2023. Das FIR an der RWTH Aachen, das Center Integrated Business Applications und die trovarit AG laden ein zur Fachtagung mit begleitendem Ausstellerforum und einem attraktiven Vorabendprogramm. In Fachvorträgen, Diskussionen, interaktiven Workshops sowie Führungen profitieren die Teilnehmer:innen von der Betrachtung des gesamten Felds betrieblicher Anwendungssysteme. Sie erhalten wichtige Impulse für die Auswahl und Implementierung integrierter Business Applications. Networking Angebote vor und während der Fachtagung bieten Gelegenheit zum Austausch mit den Teilnehmer:innen, Referent:innen und Partnerunternehmen vor Ort. Ein vorgelagerter Praxistag am 20. Juni 2023 rundet&hellip;</p>
