{"id":166093,"date":"2026-09-01T14:20:38","date_gmt":"2026-09-01T12:20:38","guid":{"rendered":"https:\/\/e3mag.com\/?post_type=tribe_events&#038;p=166093"},"modified":"2026-09-01T15:43:40","modified_gmt":"2026-09-01T13:43:40","slug":"it-sa-expocongress-2026-europes-largest-trade-fair-for-it-security","status":"publish","type":"tribe_events","link":"https:\/\/e3mag.com\/en\/event\/it-sa-expocongress-2026-europas-groesste-fachmesse-fuer-it-sicherheit\/","title":{"rendered":"it-sa Expo&amp;Congress 2026 \u2013 Europe\u2019s Largest Trade Fair for IT Security"},"content":{"rendered":"<p>The it-sa Expo&amp;Congress is Europe\u2019s largest IT security event! From October 27\u201329, 2026, the trade show and accompanying conference will bring together IT security providers, managers, and decision-makers in Nuremberg, showcasing industry trends and innovations from around the world and providing opportunities for knowledge exchange and networking.<\/p>\n<p>The in-person program is complemented by the digital platform it-sa 365, which facilitates professional exchange and networking online throughout the year. it-sa offers IT security professionals opportunities for discussion, guidance, and knowledge sharing on all aspects of IT security and, as the \u201eHome of IT Security,\u201c combines a trade show, conference, and digital offerings.<\/p>\n<p>&nbsp;<\/p>\n<h5><strong>One-day pass:<\/strong> 72 euros per person<\/h5>\n<h5><strong>Season Pass:<\/strong> 120 euros per person<\/h5>","protected":false},"excerpt":{"rendered":"<p>Die it-sa Expo&amp;Congress ist Europas gr\u00f6\u00dftes IT-Security-Event! Die Fachmesse mit begleitendem Kongress bringt vom 27. &#8211; 29. Oktober 2026 IT-Sicherheitsanbieter, -Verantwortliche und -Entscheider in N\u00fcrnberg zusammen, pr\u00e4sentiert Branchentrends &amp; -innovationen aus der ganzen Welt und bietet M\u00f6glichkeit zum Wissenstransfer und Networking. Erg\u00e4nzt wird das Pr\u00e4senzangebot durch die Digitalplattform it-sa 365, die den fachlichen Austausch und [&hellip;]<\/p>\n","protected":false},"author":5823,"featured_media":166096,"template":"","meta":{"_acf_changed":false,"pmpro_default_level":"","_tribe_events_status":"","_tribe_events_status_reason":"","footnotes":""},"tags":[],"tribe_events_cat":[41692],"coauthors":[44452],"class_list":["post-166093","tribe_events","type-tribe_events","status-publish","has-post-thumbnail","hentry","tribe_events_cat-kongress","pmpro-has-access","cat_kongress"],"acf":[],"featured_image_urls_v2":{"full":["https:\/\/e3mag.com\/wp-content\/uploads\/2026\/09\/ITSA-26_Social-Media-Banner_1200x627px_DE.jpg",1200,627,false],"thumbnail":["https:\/\/e3mag.com\/wp-content\/uploads\/2026\/09\/ITSA-26_Social-Media-Banner_1200x627px_DE-150x150.jpg",150,150,true],"medium":["https:\/\/e3mag.com\/wp-content\/uploads\/2026\/09\/ITSA-26_Social-Media-Banner_1200x627px_DE-400x209.jpg",400,209,true],"medium_large":["https:\/\/e3mag.com\/wp-content\/uploads\/2026\/09\/ITSA-26_Social-Media-Banner_1200x627px_DE-768x401.jpg",768,401,true],"large":["https:\/\/e3mag.com\/wp-content\/uploads\/2026\/09\/ITSA-26_Social-Media-Banner_1200x627px_DE.jpg",1200,627,false],"image-100":["https:\/\/e3mag.com\/wp-content\/uploads\/2026\/09\/ITSA-26_Social-Media-Banner_1200x627px_DE-100x52.jpg",100,52,true],"image-480":["https:\/\/e3mag.com\/wp-content\/uploads\/2026\/09\/ITSA-26_Social-Media-Banner_1200x627px_DE-480x251.jpg",480,251,true],"image-640":["https:\/\/e3mag.com\/wp-content\/uploads\/2026\/09\/ITSA-26_Social-Media-Banner_1200x627px_DE-640x334.jpg",640,334,true],"image-720":["https:\/\/e3mag.com\/wp-content\/uploads\/2026\/09\/ITSA-26_Social-Media-Banner_1200x627px_DE-720x376.jpg",720,376,true],"image-960":["https:\/\/e3mag.com\/wp-content\/uploads\/2026\/09\/ITSA-26_Social-Media-Banner_1200x627px_DE-960x502.jpg",960,502,true],"image-1168":["https:\/\/e3mag.com\/wp-content\/uploads\/2026\/09\/ITSA-26_Social-Media-Banner_1200x627px_DE-1168x610.jpg",1168,610,true],"image-1440":["https:\/\/e3mag.com\/wp-content\/uploads\/2026\/09\/ITSA-26_Social-Media-Banner_1200x627px_DE.jpg",1200,627,false],"image-1920":["https:\/\/e3mag.com\/wp-content\/uploads\/2026\/09\/ITSA-26_Social-Media-Banner_1200x627px_DE.jpg",1200,627,false],"1536x1536":["https:\/\/e3mag.com\/wp-content\/uploads\/2026\/09\/ITSA-26_Social-Media-Banner_1200x627px_DE.jpg",1200,627,false],"2048x2048":["https:\/\/e3mag.com\/wp-content\/uploads\/2026\/09\/ITSA-26_Social-Media-Banner_1200x627px_DE.jpg",1200,627,false],"trp-custom-language-flag":["https:\/\/e3mag.com\/wp-content\/uploads\/2026\/09\/ITSA-26_Social-Media-Banner_1200x627px_DE-18x9.jpg",18,9,true],"bricks_large_16x9":["https:\/\/e3mag.com\/wp-content\/uploads\/2026\/09\/ITSA-26_Social-Media-Banner_1200x627px_DE.jpg",1200,627,false],"bricks_large":["https:\/\/e3mag.com\/wp-content\/uploads\/2026\/09\/ITSA-26_Social-Media-Banner_1200x627px_DE.jpg",1200,627,false],"bricks_large_square":["https:\/\/e3mag.com\/wp-content\/uploads\/2026\/09\/ITSA-26_Social-Media-Banner_1200x627px_DE.jpg",1200,627,false],"bricks_medium":["https:\/\/e3mag.com\/wp-content\/uploads\/2026\/09\/ITSA-26_Social-Media-Banner_1200x627px_DE-600x314.jpg",600,314,true],"bricks_medium_square":["https:\/\/e3mag.com\/wp-content\/uploads\/2026\/09\/ITSA-26_Social-Media-Banner_1200x627px_DE-600x600.jpg",600,600,true],"profile_24":["https:\/\/e3mag.com\/wp-content\/uploads\/2026\/09\/ITSA-26_Social-Media-Banner_1200x627px_DE-24x24.jpg",24,24,true],"profile_48":["https:\/\/e3mag.com\/wp-content\/uploads\/2026\/09\/ITSA-26_Social-Media-Banner_1200x627px_DE-48x48.jpg",48,48,true],"profile_96":["https:\/\/e3mag.com\/wp-content\/uploads\/2026\/09\/ITSA-26_Social-Media-Banner_1200x627px_DE-96x96.jpg",96,96,true],"profile_150":["https:\/\/e3mag.com\/wp-content\/uploads\/2026\/09\/ITSA-26_Social-Media-Banner_1200x627px_DE-150x150.jpg",150,150,true],"profile_300":["https:\/\/e3mag.com\/wp-content\/uploads\/2026\/09\/ITSA-26_Social-Media-Banner_1200x627px_DE-300x300.jpg",300,300,true]},"post_excerpt_stackable_v2":"<p>Die it-sa Expo&amp;Congress ist Europas gr\u00f6\u00dftes IT-Security-Event! Die Fachmesse mit begleitendem Kongress bringt vom 27. &#8211; 29. Oktober 2026 IT-Sicherheitsanbieter, -Verantwortliche und -Entscheider in N\u00fcrnberg zusammen, pr\u00e4sentiert Branchentrends &amp; -innovationen aus der ganzen Welt und bietet M\u00f6glichkeit zum Wissenstransfer und Networking. Erg\u00e4nzt wird das Pr\u00e4senzangebot durch die Digitalplattform it-sa 365, die den fachlichen Austausch und das Networking ganzj\u00e4hrig online fortf\u00fchrt. Die it-sa bietet IT-Sicherheitsverantwortlichen Austausch, Orientierung und Wissenstransfer rund um IT-Security und vereint als \u201eHome of IT Security\u201c Fachmesse, Kongress und digitale Angebote. &nbsp;<\/p>\n","category_list_v2":"","author_info_v2":{"name":"Michael Eichhorn","url":"https:\/\/e3mag.com\/en\/author\/michael-eichhorn\/"},"comments_num_v2":"0 comments","_links":{"self":[{"href":"https:\/\/e3mag.com\/en\/wp-json\/wp\/v2\/tribe_events\/166093","targetHints":{"allow":["GET"]}}],"collection":[{"href":"https:\/\/e3mag.com\/en\/wp-json\/wp\/v2\/tribe_events"}],"about":[{"href":"https:\/\/e3mag.com\/en\/wp-json\/wp\/v2\/types\/tribe_events"}],"author":[{"embeddable":true,"href":"https:\/\/e3mag.com\/en\/wp-json\/wp\/v2\/users\/5823"}],"version-history":[{"count":2,"href":"https:\/\/e3mag.com\/en\/wp-json\/wp\/v2\/tribe_events\/166093\/revisions"}],"predecessor-version":[{"id":166095,"href":"https:\/\/e3mag.com\/en\/wp-json\/wp\/v2\/tribe_events\/166093\/revisions\/166095"}],"wp:featuredmedia":[{"embeddable":true,"href":"https:\/\/e3mag.com\/en\/wp-json\/wp\/v2\/media\/166096"}],"wp:attachment":[{"href":"https:\/\/e3mag.com\/en\/wp-json\/wp\/v2\/media?parent=166093"}],"wp:term":[{"taxonomy":"post_tag","embeddable":true,"href":"https:\/\/e3mag.com\/en\/wp-json\/wp\/v2\/tags?post=166093"},{"taxonomy":"tribe_events_cat","embeddable":true,"href":"https:\/\/e3mag.com\/en\/wp-json\/wp\/v2\/tribe_events_cat?post=166093"},{"taxonomy":"author","embeddable":true,"href":"https:\/\/e3mag.com\/en\/wp-json\/wp\/v2\/coauthors?post=166093"}],"curies":[{"name":"wp","href":"https:\/\/api.w.org\/{rel}","templated":true}]}}

<p>Die it-sa Expo&amp;Congress ist Europas größtes IT-Security-Event! Die Fachmesse mit begleitendem Kongress bringt vom 27. &#8211; 29. Oktober 2026 IT-Sicherheitsanbieter, -Verantwortliche und -Entscheider in Nürnberg zusammen, präsentiert Branchentrends &amp; -innovationen aus der ganzen Welt und bietet Möglichkeit zum Wissenstransfer und Networking. Ergänzt wird das Präsenzangebot durch die Digitalplattform it-sa 365, die den fachlichen Austausch und [&hellip;]</p>

<p>Die it-sa Expo&amp;Congress ist Europas größtes IT-Security-Event! Die Fachmesse mit begleitendem Kongress bringt vom 27. &#8211; 29. Oktober 2026 IT-Sicherheitsanbieter, -Verantwortliche und -Entscheider in Nürnberg zusammen, präsentiert Branchentrends &amp; -innovationen aus der ganzen Welt und bietet Möglichkeit zum Wissenstransfer und Networking. Ergänzt wird das Präsenzangebot durch die Digitalplattform it-sa 365, die den fachlichen Austausch und das Networking ganzjährig online fortführt. Die it-sa bietet IT-Sicherheitsverantwortlichen Austausch, Orientierung und Wissenstransfer rund um IT-Security und vereint als „Home of IT Security“ Fachmesse, Kongress und digitale Angebote. &nbsp;</p>
