{"id":131202,"date":"2023-07-31T16:54:33","date_gmt":"2023-07-31T14:54:33","guid":{"rendered":"http:\/\/e3mag.com\/?post_type=tribe_events&#038;p=131202"},"modified":"2023-08-01T15:55:23","modified_gmt":"2023-08-01T13:55:23","slug":"muenchen-digital-futurecongress-en","status":"publish","type":"tribe_events","link":"https:\/\/e3mag.com\/en\/event\/muenchen-digital-futurecongress-de-de\/","title":{"rendered":"DIGITAL FUTUREcongress (DFC)"},"content":{"rendered":"<p><strong>Digital best practices for midsize and larger companies<\/strong><\/p>\n<p>The DIGITAL FUTUREcongress (DFC) focuses on current software solutions, forward-looking technologies and success stories at a compact face-to-face event on the diverse potentials of business digitization. The format offers trends and impulses on the topics of digital transformation, operational management, HR organization and process optimization with the help of ChatGPT, AI, IoT, low-code platforms, robotics, data security and analytics, new work, cloud computing, metaverse, online marketing, sales tools, funding opportunities, DMS, etc.<\/p>\n<p>On September 28, the DFC addresses the 1st and 2nd management level from the region of Southern Germany. A varied conference program will feature over 50 keynotes (e.g. from Voith), practice-relevant presentations, user-oriented master classes and the presentation of the BVMID IT Business Award. In addition, there will be opportunities for interdisciplinary networking and exchange with other visitors and more than 60 IT providers or experts.<\/p>\n<p>Free admission tickets (worth 69 euros each) can be purchased with the <strong>Free Ticket Code DFCM23E3m<\/strong> book<\/p>","protected":false},"excerpt":{"rendered":"<p>Digitale Best Practices f\u00fcr den Mittelstand und gr\u00f6\u00dfere Unternehmen Auf einer kompakten Pr\u00e4senzveranstaltung rund um die vielf\u00e4ltigen Potenziale der Business-Digitalisierung stehen beim DIGITAL FUTUREcongress (DFC) aktuelle Softwarel\u00f6sungen, zukunftsweisende Technologien sowie Success Stories im Fokus. Das Format bietet Trends und Impulse zu den Themen Digitale Transformation, betriebliches Management, HR-Organisation und Prozessoptimierung mit Hilfe von ChatGPT, KI, [&hellip;]<\/p>\n","protected":false},"author":38,"featured_media":131212,"template":"","meta":{"_acf_changed":false,"pmpro_default_level":"","_tribe_events_status":"","_tribe_events_status_reason":"","footnotes":""},"tags":[600],"tribe_events_cat":[41692],"coauthors":[19920],"class_list":["post-131202","tribe_events","type-tribe_events","status-publish","has-post-thumbnail","hentry","tag-digitale-transformation","tribe_events_cat-kongress","pmpro-has-access","cat_kongress"],"acf":[],"featured_image_urls_v2":{"full":["https:\/\/e3mag.com\/wp-content\/uploads\/2023\/07\/2309_amc_titelbild_DFC_747x289.jpg",747,289,false],"thumbnail":["https:\/\/e3mag.com\/wp-content\/uploads\/2023\/07\/2309_amc_titelbild_DFC_747x289-150x150.jpg",150,150,true],"medium":["https:\/\/e3mag.com\/wp-content\/uploads\/2023\/07\/2309_amc_titelbild_DFC_747x289-400x155.jpg",400,155,true],"medium_large":["https:\/\/e3mag.com\/wp-content\/uploads\/2023\/07\/2309_amc_titelbild_DFC_747x289.jpg",747,289,false],"large":["https:\/\/e3mag.com\/wp-content\/uploads\/2023\/07\/2309_amc_titelbild_DFC_747x289.jpg",747,289,false],"image-100":["https:\/\/e3mag.com\/wp-content\/uploads\/2023\/07\/2309_amc_titelbild_DFC_747x289-100x39.jpg",100,39,true],"image-480":["https:\/\/e3mag.com\/wp-content\/uploads\/2023\/07\/2309_amc_titelbild_DFC_747x289-480x186.jpg",480,186,true],"image-640":["https:\/\/e3mag.com\/wp-content\/uploads\/2023\/07\/2309_amc_titelbild_DFC_747x289-640x248.jpg",640,248,true],"image-720":["https:\/\/e3mag.com\/wp-content\/uploads\/2023\/07\/2309_amc_titelbild_DFC_747x289-720x279.jpg",720,279,true],"image-960":["https:\/\/e3mag.com\/wp-content\/uploads\/2023\/07\/2309_amc_titelbild_DFC_747x289.jpg",747,289,false],"image-1168":["https:\/\/e3mag.com\/wp-content\/uploads\/2023\/07\/2309_amc_titelbild_DFC_747x289.jpg",747,289,false],"image-1440":["https:\/\/e3mag.com\/wp-content\/uploads\/2023\/07\/2309_amc_titelbild_DFC_747x289.jpg",747,289,false],"image-1920":["https:\/\/e3mag.com\/wp-content\/uploads\/2023\/07\/2309_amc_titelbild_DFC_747x289.jpg",747,289,false],"1536x1536":["https:\/\/e3mag.com\/wp-content\/uploads\/2023\/07\/2309_amc_titelbild_DFC_747x289.jpg",747,289,false],"2048x2048":["https:\/\/e3mag.com\/wp-content\/uploads\/2023\/07\/2309_amc_titelbild_DFC_747x289.jpg",747,289,false],"trp-custom-language-flag":["https:\/\/e3mag.com\/wp-content\/uploads\/2023\/07\/2309_amc_titelbild_DFC_747x289-18x7.jpg",18,7,true],"bricks_large_16x9":["https:\/\/e3mag.com\/wp-content\/uploads\/2023\/07\/2309_amc_titelbild_DFC_747x289.jpg",747,289,false],"bricks_large":["https:\/\/e3mag.com\/wp-content\/uploads\/2023\/07\/2309_amc_titelbild_DFC_747x289.jpg",747,289,false],"bricks_large_square":["https:\/\/e3mag.com\/wp-content\/uploads\/2023\/07\/2309_amc_titelbild_DFC_747x289.jpg",747,289,false],"bricks_medium":["https:\/\/e3mag.com\/wp-content\/uploads\/2023\/07\/2309_amc_titelbild_DFC_747x289-600x232.jpg",600,232,true],"bricks_medium_square":["https:\/\/e3mag.com\/wp-content\/uploads\/2023\/07\/2309_amc_titelbild_DFC_747x289-600x289.jpg",600,289,true],"profile_24":["https:\/\/e3mag.com\/wp-content\/uploads\/2023\/07\/2309_amc_titelbild_DFC_747x289-24x24.jpg",24,24,true],"profile_48":["https:\/\/e3mag.com\/wp-content\/uploads\/2023\/07\/2309_amc_titelbild_DFC_747x289-48x48.jpg",48,48,true],"profile_96":["https:\/\/e3mag.com\/wp-content\/uploads\/2023\/07\/2309_amc_titelbild_DFC_747x289-96x96.jpg",96,96,true],"profile_150":["https:\/\/e3mag.com\/wp-content\/uploads\/2023\/07\/2309_amc_titelbild_DFC_747x289-150x150.jpg",150,150,true],"profile_300":["https:\/\/e3mag.com\/wp-content\/uploads\/2023\/07\/2309_amc_titelbild_DFC_747x289-300x289.jpg",300,289,true]},"post_excerpt_stackable_v2":"<p>Digitale Best Practices f\u00fcr den Mittelstand und gr\u00f6\u00dfere Unternehmen Auf einer kompakten Pr\u00e4senzveranstaltung rund um die vielf\u00e4ltigen Potenziale der Business-Digitalisierung stehen beim DIGITAL FUTUREcongress (DFC) aktuelle Softwarel\u00f6sungen, zukunftsweisende Technologien sowie Success Stories im Fokus. Das Format bietet Trends und Impulse zu den Themen Digitale Transformation, betriebliches Management, HR-Organisation und Prozessoptimierung mit Hilfe von ChatGPT, KI, IoT, Low Code-Plattformen, Robotik, Datensicherheit und -analytics, New Work, Cloud Computing, Metaverse, Online Marketing, Sales Tools, F\u00f6rderungsm\u00f6glichkeiten, DMS etc. Der DFC adressiert am 28. September die 1. und 2. F\u00fchrungsebene aus der Region S\u00fcddeutschland. Zu erleben sind in einem abwechslungsreichen Konferenzprogramm \u00fcber 50 Keynotes (bspw.&hellip;<\/p>\n","category_list_v2":"","author_info_v2":{"name":"E-3 Magazine","url":"https:\/\/e3mag.com\/en\/author\/e-3-magazin\/"},"comments_num_v2":"0 comments","_links":{"self":[{"href":"https:\/\/e3mag.com\/en\/wp-json\/wp\/v2\/tribe_events\/131202","targetHints":{"allow":["GET"]}}],"collection":[{"href":"https:\/\/e3mag.com\/en\/wp-json\/wp\/v2\/tribe_events"}],"about":[{"href":"https:\/\/e3mag.com\/en\/wp-json\/wp\/v2\/types\/tribe_events"}],"author":[{"embeddable":true,"href":"https:\/\/e3mag.com\/en\/wp-json\/wp\/v2\/users\/38"}],"version-history":[{"count":2,"href":"https:\/\/e3mag.com\/en\/wp-json\/wp\/v2\/tribe_events\/131202\/revisions"}],"predecessor-version":[{"id":131211,"href":"https:\/\/e3mag.com\/en\/wp-json\/wp\/v2\/tribe_events\/131202\/revisions\/131211"}],"wp:featuredmedia":[{"embeddable":true,"href":"https:\/\/e3mag.com\/en\/wp-json\/wp\/v2\/media\/131212"}],"wp:attachment":[{"href":"https:\/\/e3mag.com\/en\/wp-json\/wp\/v2\/media?parent=131202"}],"wp:term":[{"taxonomy":"post_tag","embeddable":true,"href":"https:\/\/e3mag.com\/en\/wp-json\/wp\/v2\/tags?post=131202"},{"taxonomy":"tribe_events_cat","embeddable":true,"href":"https:\/\/e3mag.com\/en\/wp-json\/wp\/v2\/tribe_events_cat?post=131202"},{"taxonomy":"author","embeddable":true,"href":"https:\/\/e3mag.com\/en\/wp-json\/wp\/v2\/coauthors?post=131202"}],"curies":[{"name":"wp","href":"https:\/\/api.w.org\/{rel}","templated":true}]}}

<p>Digitale Best Practices für den Mittelstand und größere Unternehmen Auf einer kompakten Präsenzveranstaltung rund um die vielfältigen Potenziale der Business-Digitalisierung stehen beim DIGITAL FUTUREcongress (DFC) aktuelle Softwarelösungen, zukunftsweisende Technologien sowie Success Stories im Fokus. Das Format bietet Trends und Impulse zu den Themen Digitale Transformation, betriebliches Management, HR-Organisation und Prozessoptimierung mit Hilfe von ChatGPT, KI, [&hellip;]</p>

<p>Digitale Best Practices für den Mittelstand und größere Unternehmen Auf einer kompakten Präsenzveranstaltung rund um die vielfältigen Potenziale der Business-Digitalisierung stehen beim DIGITAL FUTUREcongress (DFC) aktuelle Softwarelösungen, zukunftsweisende Technologien sowie Success Stories im Fokus. Das Format bietet Trends und Impulse zu den Themen Digitale Transformation, betriebliches Management, HR-Organisation und Prozessoptimierung mit Hilfe von ChatGPT, KI, IoT, Low Code-Plattformen, Robotik, Datensicherheit und -analytics, New Work, Cloud Computing, Metaverse, Online Marketing, Sales Tools, Förderungsmöglichkeiten, DMS etc. Der DFC adressiert am 28. September die 1. und 2. Führungsebene aus der Region Süddeutschland. Zu erleben sind in einem abwechslungsreichen Konferenzprogramm über 50 Keynotes (bspw.&hellip;</p>
