{"id":141691,"date":"2024-04-09T10:55:16","date_gmt":"2024-04-09T08:55:16","guid":{"rendered":"http:\/\/e3mag.com\/?post_type=tribe_events&#038;p=141691"},"modified":"2024-04-09T15:50:12","modified_gmt":"2024-04-09T13:50:12","slug":"strategiegipfel-it-management","status":"publish","type":"tribe_events","link":"https:\/\/e3mag.com\/de\/event\/strategiegipfel-it-management\/","title":{"rendered":"Strategiegipfel IT Management"},"content":{"rendered":"<div class=\"wsf-field\">\n<p>Der Strategiegipfel IT Management findet wieder statt am 17.\/18. April 2024 in Berlin. Die Veranstaltung richtet sich an CIOs und IT Leiterinnen und -Leiter, die sich in aktuellen Fachvortr\u00e4gen und Diskussionsrunden zu den Herausforderungen der F\u00fchrung im Zeitalter von KI und Fachkr\u00e4ftemangel austauschen m\u00f6chten.<\/p>\n<p>Stimmen der Teilnehmenden:<\/p>\n<p>\u2022 \u201eInsgesamt sehr gelungen, guter Rahmen, viele Gespr\u00e4che &#8220;auf Augenh\u00f6he&#8221; und definitiv relevante Themen auf der Agenda.\u201c Dr. Jochen G\u00f6ttelmann VP IT Lufthansa Airlines (CIO) &amp; Lufthansa Group Operations IT<\/p>\n<p>\u2022 \u201eSehr wertvolle Veranstaltung. Danke. Gerne wieder\u201c Thomas W\u00f6lker, CIO, Head of Group IT\/ Group Process Optimization DAW SE<\/p>\n<p>\u2022 \u201eGelungene Veranstaltung mit hohem Mehrwert f\u00fcr meine t\u00e4gliche Arbeit. Interessante Kontakte und Einblicke.\u201c Markus Gebauer, Leiter IT, Digitalisierung und Datenmanagement MITEGRO GmbH &amp; Co. KG<\/p>\n<p>Seien Sie dabei und melden Sie sich <a href=\"https:\/\/www.project-networks.com\/events\/strategiegipfel-it-management\/\" target=\"_blank\" rel=\"noopener\">jetzt<\/a> an!<\/p>\n<\/div>\n","protected":false},"excerpt":{"rendered":"<p>Der Strategiegipfel IT Management findet wieder statt am 17.\/18. April 2024 in Berlin. Die Veranstaltung richtet sich an CIOs und IT Leiterinnen und -Leiter, die sich in aktuellen Fachvortr\u00e4gen und Diskussionsrunden zu den Herausforderungen der F\u00fchrung im Zeitalter von KI und Fachkr\u00e4ftemangel austauschen m\u00f6chten. Stimmen der Teilnehmenden: \u2022 \u201eInsgesamt sehr gelungen, guter Rahmen, viele Gespr\u00e4che [&hellip;]<\/p>\n","protected":false},"author":2368,"featured_media":141693,"template":"","meta":{"_acf_changed":false,"pmpro_default_level":"","_tribe_events_status":"","_tribe_events_status_reason":"","footnotes":""},"tags":[],"tribe_events_cat":[41690],"coauthors":[39720],"class_list":["post-141691","tribe_events","type-tribe_events","status-publish","has-post-thumbnail","hentry","tribe_events_cat-fachtagung","pmpro-has-access","cat_fachtagung"],"acf":[],"featured_image_urls_v2":{"full":["https:\/\/e3mag.com\/wp-content\/uploads\/2024\/04\/DSC_1555-scaled-1.jpg",1618,1080,false],"thumbnail":["https:\/\/e3mag.com\/wp-content\/uploads\/2024\/04\/DSC_1555-scaled-1-150x150.jpg",150,150,true],"medium":["https:\/\/e3mag.com\/wp-content\/uploads\/2024\/04\/DSC_1555-scaled-1-400x267.jpg",400,267,true],"medium_large":["https:\/\/e3mag.com\/wp-content\/uploads\/2024\/04\/DSC_1555-scaled-1-768x513.jpg",768,513,true],"large":["https:\/\/e3mag.com\/wp-content\/uploads\/2024\/04\/DSC_1555-scaled-1-1200x801.jpg",1200,801,true],"image-100":["https:\/\/e3mag.com\/wp-content\/uploads\/2024\/04\/DSC_1555-scaled-1-100x67.jpg",100,67,true],"image-480":["https:\/\/e3mag.com\/wp-content\/uploads\/2024\/04\/DSC_1555-scaled-1-480x320.jpg",480,320,true],"image-640":["https:\/\/e3mag.com\/wp-content\/uploads\/2024\/04\/DSC_1555-scaled-1-640x427.jpg",640,427,true],"image-720":["https:\/\/e3mag.com\/wp-content\/uploads\/2024\/04\/DSC_1555-scaled-1-720x481.jpg",720,481,true],"image-960":["https:\/\/e3mag.com\/wp-content\/uploads\/2024\/04\/DSC_1555-scaled-1-960x641.jpg",960,641,true],"image-1168":["https:\/\/e3mag.com\/wp-content\/uploads\/2024\/04\/DSC_1555-scaled-1-1168x780.jpg",1168,780,true],"image-1440":["https:\/\/e3mag.com\/wp-content\/uploads\/2024\/04\/DSC_1555-scaled-1-1440x961.jpg",1440,961,true],"image-1920":["https:\/\/e3mag.com\/wp-content\/uploads\/2024\/04\/DSC_1555-scaled-1-1920x1282.jpg",1617,1080,true],"1536x1536":["https:\/\/e3mag.com\/wp-content\/uploads\/2024\/04\/DSC_1555-scaled-1-1536x1025.jpg",1536,1025,true],"2048x2048":["https:\/\/e3mag.com\/wp-content\/uploads\/2024\/04\/DSC_1555-scaled-1-2048x1367.jpg",1618,1080,true],"trp-custom-language-flag":["https:\/\/e3mag.com\/wp-content\/uploads\/2024\/04\/DSC_1555-scaled-1-18x12.jpg",18,12,true],"bricks_large_16x9":["https:\/\/e3mag.com\/wp-content\/uploads\/2024\/04\/DSC_1555-scaled-1-1200x675.jpg",1200,675,true],"bricks_large":["https:\/\/e3mag.com\/wp-content\/uploads\/2024\/04\/DSC_1555-scaled-1-1200x801.jpg",1200,801,true],"bricks_large_square":["https:\/\/e3mag.com\/wp-content\/uploads\/2024\/04\/DSC_1555-scaled-1-1200x1200.jpg",1080,1080,true],"bricks_medium":["https:\/\/e3mag.com\/wp-content\/uploads\/2024\/04\/DSC_1555-scaled-1-600x401.jpg",600,401,true],"bricks_medium_square":["https:\/\/e3mag.com\/wp-content\/uploads\/2024\/04\/DSC_1555-scaled-1-600x600.jpg",600,600,true],"profile_24":["https:\/\/e3mag.com\/wp-content\/uploads\/2024\/04\/DSC_1555-scaled-1-24x24.jpg",24,24,true],"profile_48":["https:\/\/e3mag.com\/wp-content\/uploads\/2024\/04\/DSC_1555-scaled-1-48x48.jpg",48,48,true],"profile_96":["https:\/\/e3mag.com\/wp-content\/uploads\/2024\/04\/DSC_1555-scaled-1-96x96.jpg",96,96,true],"profile_150":["https:\/\/e3mag.com\/wp-content\/uploads\/2024\/04\/DSC_1555-scaled-1-150x150.jpg",150,150,true],"profile_300":["https:\/\/e3mag.com\/wp-content\/uploads\/2024\/04\/DSC_1555-scaled-1-300x300.jpg",300,300,true]},"post_excerpt_stackable_v2":"<p>Der Strategiegipfel IT Management findet wieder statt am 17.\/18. April 2024 in Berlin. Die Veranstaltung richtet sich an CIOs und IT Leiterinnen und -Leiter, die sich in aktuellen Fachvortr\u00e4gen und Diskussionsrunden zu den Herausforderungen der F\u00fchrung im Zeitalter von KI und Fachkr\u00e4ftemangel austauschen m\u00f6chten. Stimmen der Teilnehmenden: \u2022 \u201eInsgesamt sehr gelungen, guter Rahmen, viele Gespr\u00e4che &#8220;auf Augenh\u00f6he&#8221; und definitiv relevante Themen auf der Agenda.\u201c Dr. Jochen G\u00f6ttelmann VP IT Lufthansa Airlines (CIO) &amp; Lufthansa Group Operations IT \u2022 \u201eSehr wertvolle Veranstaltung. Danke. Gerne wieder\u201c Thomas W\u00f6lker, CIO, Head of Group IT\/ Group Process Optimization DAW SE \u2022 \u201eGelungene Veranstaltung mit&hellip;<\/p>\n","category_list_v2":"","author_info_v2":{"name":"E3-Magazin","url":"https:\/\/e3mag.com\/de\/author\/e3_magazin\/"},"comments_num_v2":"0 comments","_links":{"self":[{"href":"https:\/\/e3mag.com\/de\/wp-json\/wp\/v2\/tribe_events\/141691","targetHints":{"allow":["GET"]}}],"collection":[{"href":"https:\/\/e3mag.com\/de\/wp-json\/wp\/v2\/tribe_events"}],"about":[{"href":"https:\/\/e3mag.com\/de\/wp-json\/wp\/v2\/types\/tribe_events"}],"author":[{"embeddable":true,"href":"https:\/\/e3mag.com\/de\/wp-json\/wp\/v2\/users\/2368"}],"version-history":[{"count":2,"href":"https:\/\/e3mag.com\/de\/wp-json\/wp\/v2\/tribe_events\/141691\/revisions"}],"predecessor-version":[{"id":141718,"href":"https:\/\/e3mag.com\/de\/wp-json\/wp\/v2\/tribe_events\/141691\/revisions\/141718"}],"wp:featuredmedia":[{"embeddable":true,"href":"https:\/\/e3mag.com\/de\/wp-json\/wp\/v2\/media\/141693"}],"wp:attachment":[{"href":"https:\/\/e3mag.com\/de\/wp-json\/wp\/v2\/media?parent=141691"}],"wp:term":[{"taxonomy":"post_tag","embeddable":true,"href":"https:\/\/e3mag.com\/de\/wp-json\/wp\/v2\/tags?post=141691"},{"taxonomy":"tribe_events_cat","embeddable":true,"href":"https:\/\/e3mag.com\/de\/wp-json\/wp\/v2\/tribe_events_cat?post=141691"},{"taxonomy":"author","embeddable":true,"href":"https:\/\/e3mag.com\/de\/wp-json\/wp\/v2\/coauthors?post=141691"}],"curies":[{"name":"wp","href":"https:\/\/api.w.org\/{rel}","templated":true}]}}

<div class="wsf-field">
<p>Der Strategiegipfel IT Management findet wieder statt am 17./18. April 2024 in Berlin. Die Veranstaltung richtet sich an CIOs und IT Leiterinnen und -Leiter, die sich in aktuellen Fachvorträgen und Diskussionsrunden zu den Herausforderungen der Führung im Zeitalter von KI und Fachkräftemangel austauschen möchten.</p>
<p>Stimmen der Teilnehmenden:</p>
<p>• „Insgesamt sehr gelungen, guter Rahmen, viele Gespräche &#8220;auf Augenhöhe&#8221; und definitiv relevante Themen auf der Agenda.“ Dr. Jochen Göttelmann VP IT Lufthansa Airlines (CIO) &amp; Lufthansa Group Operations IT</p>
<p>• „Sehr wertvolle Veranstaltung. Danke. Gerne wieder“ Thomas Wölker, CIO, Head of Group IT/ Group Process Optimization DAW SE</p>
<p>• „Gelungene Veranstaltung mit hohem Mehrwert für meine tägliche Arbeit. Interessante Kontakte und Einblicke.“ Markus Gebauer, Leiter IT, Digitalisierung und Datenmanagement MITEGRO GmbH &amp; Co. KG</p>
<p>Seien Sie dabei und melden Sie sich <a href="https://www.project-networks.com/events/strategiegipfel-it-management/" target="_blank" rel="noopener">jetzt</a> an!</p>
</div>

<p>Der Strategiegipfel IT Management findet wieder statt am 17./18. April 2024 in Berlin. Die Veranstaltung richtet sich an CIOs und IT Leiterinnen und -Leiter, die sich in aktuellen Fachvorträgen und Diskussionsrunden zu den Herausforderungen der Führung im Zeitalter von KI und Fachkräftemangel austauschen möchten. Stimmen der Teilnehmenden: • „Insgesamt sehr gelungen, guter Rahmen, viele Gespräche [&hellip;]</p>

<p>Der Strategiegipfel IT Management findet wieder statt am 17./18. April 2024 in Berlin. Die Veranstaltung richtet sich an CIOs und IT Leiterinnen und -Leiter, die sich in aktuellen Fachvorträgen und Diskussionsrunden zu den Herausforderungen der Führung im Zeitalter von KI und Fachkräftemangel austauschen möchten. Stimmen der Teilnehmenden: • „Insgesamt sehr gelungen, guter Rahmen, viele Gespräche &#8220;auf Augenhöhe&#8221; und definitiv relevante Themen auf der Agenda.“ Dr. Jochen Göttelmann VP IT Lufthansa Airlines (CIO) &amp; Lufthansa Group Operations IT • „Sehr wertvolle Veranstaltung. Danke. Gerne wieder“ Thomas Wölker, CIO, Head of Group IT/ Group Process Optimization DAW SE • „Gelungene Veranstaltung mit&hellip;</p>
